{"id":5028,"date":"2022-05-03T18:13:51","date_gmt":"2022-05-03T15:13:51","guid":{"rendered":"https:\/\/timokeraamika.ee\/b2b\/?post_type=product&#038;p=5028"},"modified":"2022-05-03T18:13:51","modified_gmt":"2022-05-03T15:13:51","slug":"nr-2370-lillepotikass","status":"publish","type":"product","link":"https:\/\/timokeraamika.ee\/b2b\/toode\/nr-2370-lillepotikass\/","title":{"rendered":"Nr 2370 Lillepotikass"},"content":{"rendered":"","protected":false},"excerpt":{"rendered":"<p>Lillepotikass p\u00fcsib kenasti lillepoti serval. Lillepoti serva ja poti alustaldriku serva vahele peab j\u00e4\u00e4ma v\u00e4hemalt 10 sm, et kassi saba ei puutuks aluse serva vastu.<\/p>\n","protected":false},"featured_media":5029,"template":"","meta":[],"product_brand":[],"product_cat":[23],"product_tag":[],"class_list":{"0":"post-5028","1":"product","2":"type-product","3":"status-publish","4":"has-post-thumbnail","6":"product_cat-koerad-kassid","8":"first","9":"instock","10":"shipping-taxable","11":"purchasable","12":"product-type-simple"},"_links":{"self":[{"href":"https:\/\/timokeraamika.ee\/b2b\/wp-json\/wp\/v2\/product\/5028","targetHints":{"allow":["GET"]}}],"collection":[{"href":"https:\/\/timokeraamika.ee\/b2b\/wp-json\/wp\/v2\/product"}],"about":[{"href":"https:\/\/timokeraamika.ee\/b2b\/wp-json\/wp\/v2\/types\/product"}],"wp:featuredmedia":[{"embeddable":true,"href":"https:\/\/timokeraamika.ee\/b2b\/wp-json\/wp\/v2\/media\/5029"}],"wp:attachment":[{"href":"https:\/\/timokeraamika.ee\/b2b\/wp-json\/wp\/v2\/media?parent=5028"}],"wp:term":[{"taxonomy":"product_brand","embeddable":true,"href":"https:\/\/timokeraamika.ee\/b2b\/wp-json\/wp\/v2\/product_brand?post=5028"},{"taxonomy":"product_cat","embeddable":true,"href":"https:\/\/timokeraamika.ee\/b2b\/wp-json\/wp\/v2\/product_cat?post=5028"},{"taxonomy":"product_tag","embeddable":true,"href":"https:\/\/timokeraamika.ee\/b2b\/wp-json\/wp\/v2\/product_tag?post=5028"}],"curies":[{"name":"wp","href":"https:\/\/api.w.org\/{rel}","templated":true}]}}